vative of -m**3/3 + 5*m**2/2 - 12*m. Let q = -36 - -41. Let n be -1 + q/3*6. Give c(n).
-13
Let r(h) = h**2 - 8*h + 1. Let j(p) = 15*p + 7 - 3 + 7*p + 3 + p**2 + 7*p. Let v(q) = q**2 - 13*q + 1. Let g be v(10). Let n be j(g). Determine r(n).
-6
Let y(m) = -8*m**2 + 172*m - 19. Let z(h) = -15*h**2 + 280*h - 36. Let f(r) = 7*y(r) - 4*z(r). Give f(-21).
11
Let x be (-2)/(-4)*2 + -41. Let a be (-1)/3 - -3*x/(-36). Let v(d) = a*d + 2*d + 21*d**2 - 4*d - 6*d**2 - 1. Give v(1).
15
Let a(p) = -11*p - 6. Let t(m) = m**2 + 11*m - 158. Let z be t(-19). Let u(v) = 24*v + 9. Let x(k) = z*u(k) - 13*a(k). What is x(0)?
24
Let i(b) = b**2 + 6*b - 4. Let l = 1173 - 1957. Let k = 779 + l. Give i(k).
-9
Suppose -8*d + 64 - 24 = 0. Let v(x) = 4*x - 25. Let q(o) = -8 - 2 + o + 4. Let r(s) = -9*q(s) + 2*v(s). Give r(d).
-1
Let l(f) = -5 + 16*f**3 + 2 + 20*f + 5*f - 23*f + 5. Determine l(-1).
-16
Let n be -56 - 5 - (3 - 1). Let a be (-4)/(-18) - (-3 + (-203)/n). Let p(d) = -2*d + 2 - 5 + d. What is p(a)?
-3
Let y(p) = p**3 - 5*p**2 - 5*p + 3. Let t be y(7). Let g be 6/33 - 78/t. Let b(q) = 57*q**2 - 17*q**2 - 18*q**2 - 21*q**2. What is b(g)?
1
Let w(z) = 361*z - 1314. Let t(y) = -239*y + 874. Let o(i) = 8*t(i) + 5*w(i). What is o(4)?
-6
Let t(r) be the second derivative of 1/6*r**3 - 4 + 15*r + 7/2*r**2. What is t(-3)?
4
Let t(d) = -3*d + 0 - 9 + 15*d - 10*d - 6*d - d**3 - 5*d**2. What is t(-4)?
-9
Let n(t) = 3591*t + 3590*t + 6*t**2 + t**3 + 0 + 2 + 3598*t - 10784*t. Let c be (-1)/3 - (-60)/(-9). Give n(c).
-12
Suppose 0 = r + 5*i - 1, -107*r + 1 = -106*r - i. Let d(o) = 28*o**2 - 5*o + 6. Determine d(r).
29
Let m(p) = -p + 8. Let y be m(6). Suppose 5*l + y*a + 2*a + 8 = 0, 3*l = -a - 2. Let x(w) = -3 - 3*w**2 + l + 1 + 1. What is x(-1)?
-4
Let x(f) = -f**2 + 15. Let y(v) = v**2 + 4*v + 16. Let a be y(0). Suppose 2*c + a = 16. Give x(c).
15
Suppose 5*w - 545*s - 43 = -549*s, -2*w + 3*s = -8. Let y(a) = -a**2 - a - 4. What is y(w)?
-60
Let z be 109/(-6) + 41/82 + 2/(-6). Let j(s) = s + 9. Determine j(z).
-9
Let w(u) be the first derivative of -u**4/4 - 4*u**3/3 + 3*u**2/2 + 3*u + 2. Let g(h) = h**2 - 21*h + 86. Let b be 2*(-6)/(-4) + 3. Let c be g(b). What is w(c)?
-9
Suppose 19*w + 3 + 4 = -31. Let z(b) = 7*b**2 - 13*b - 32. What is z(w)?
22
Let a(p) = -4*p - 1877183 + 1877196 + p + 4*p. Let j be 18/(-144) + 79/(-8). Give a(j).
3
Let u(m) = 6*m**2 - 5*m - 12. Let x = 275 - 271. Let v(q) = 5*q**2 - 4*q - 10. Let r(l) = x*u(l) - 5*v(l). Determine r(0).
2
Let c(q) = -2*q**2 - 43*q + 24. Let s be c(-22). Let r(i) = -3*i + 21. Let l(f) = -7*f + 41. Let o(n) = s*l(n) - 5*r(n). Give o(11).
-12
Let p(g) = -g**3 + 11*g**2 - 10*g + 3. Suppose -3*v + 0*v + 2*h = -24, -8 = -v + 2*h. Suppose -v*a - 35 = 5. Let t be (-2)/(-1) - (a - -1) - -4. Determine p(t).
3
Let h(b) = 72882*b - 110 + 42 - 72879*b. Determine h(20).
-8
Let w(x) = -4*x + 7. Let c(m) = -255*m + 126*m - 5 + 4 + 130*m. Let j(r) = 11*c(r) + 2*w(r). Determine j(-3).
-6
Let o(w) = w**3 - 4*w**2 + 2*w + 2. Let s be o(3). Let r(n) be the first derivative of -5*n**3/3 - n**2/2 + n - 4452. What is r(s)?
-3
Let b(f) = f**3 - 4*f**2 + f + 3. Let x be (-5 - 52)*3/(-9). Suppose 7*n - 2 - x = 0. Let j be (n + -1)*((-21)/6 - -5). Give b(j).
-3
Let w(y) = -5*y**3 + 9*y**2 + 9*y - 22. Let f(b) = -6*b**3 + 9*b**2 + 8*b - 28. Let m(q) = -4*f(q) + 5*w(q). What is m(10)?
32
Let i(y) = 92*y**2 + 3*y - 4 + 99*y**2 + 3*y**3 - 193*y**2 + 0. Let n(p) = 2*p**3 - 2*p**2 + p - 2. Let t(l) = 3*i(l) - 5*n(l). What is t(5)?
-7
Suppose 0 = -3*s + 4*f + 2, 5 = -5*s - 3*f + 18. Let z(r) = 2*r**2 - 3*r + r - 5*r**s - 10*r**3 + 9*r**3. What is z(-4)?
24
Let s(u) be the first derivative of -u**4/12 - 11*u**3/3 - 12*u**2 - 180*u - 6. Let z(l) be the first derivative of s(l). Give z(-21).
-3
Let c = -5993 + 6008. Let b(u) = u**2 - 15*u + 1. Give b(c).
1
Let m(f) be the third derivative of 37*f**4/24 + 2*f**3/3 - 16*f**2 + 13*f - 7. Give m(1).
41
Let d(p) = -2*p - 21. Let l(n) = 6*n + 83. Let h(s) = 14*d(s) + 4*l(s). Calculate h(8).
6
Let v(z) be the second derivative of -z**3/2 + 3*z**2/2 + 490*z. What is v(-5)?
18
Let u = 6743 - 6743. Let o(f) = f**3 - 2*f**2 - f - 106. Give o(u).
-106
Suppose 91 = 2*v + 5*p + 113, -5*p - 20 = 0. Let x(s) = -2*s**2 + s + 2. Determine x(v).
-1
Suppose 147*m = 345 + 243. Let z(h) = 5*h - 16. Give z(m).
4
Suppose 19*d = 16*d + 18. Let h(c) = c + 0*c + 3 + 4 + d. Calculate h(-10).
3
Let u be 4/(-38) + (-9056)/608. Let v(h) = -7*h - 107. Give v(u).
-2
Let x(t) be the first derivative of -t**2/2 + 2*t - 1. Let v(i) = 20*i + 1343. Let o be v(-67). Calculate x(o).
-1
Let i = 359 + -351. Suppose -2*v + 4*p - 8*p = i, 5*v = 4*p - 48. Let q(w) = -w**2 - 8*w - 6. What is q(v)?
-6
Let c(u) = -2*u**3 + 3*u**2 + 3*u - 2. Let h be (18/(-27))/(2/3) - 4. Let o be 48/18 + 80/15 + h. What is c(o)?
-20
Let y(j) = 11*j**2 + 8*j + 11. Let i(u) = 2*u**2 + u + 1. Let s(h) = 6*i(h) - y(h). Let l = -4 + 7. Let k be -4*(-2 - 1)/l. Give s(k).
3
Suppose 2*u = 4*m - 30, 4*m - 27 = 546*u - 543*u. Let c(a) = -6*a - a**2 - 5*a + 7 + 2*a**2 + 3. Give c(m).
-8
Let k(z) = 27 - 14 - z - 15. Suppose 2*d + 7*d - 27 = 0. Suppose 4*n + 3*b - 15 = 0, -4*b - 8 = -n - d*n. Give k(n).
-5
Let r(l) be the second derivative of l**7/840 - l**6/60 + l**5/30 - l**4/4 - 22*l**3/3 - 15*l - 1. Let o(x) be the second derivative of r(x). Calculate o(4).
-22
Let k(i) = -12*i + 149. Let f be k(13). Let s(g) = g**3 + 9*g**2 + 11*g - 2. Give s(f).
19
Let z = 3 - 8. Let f(i) = -i**2 - 6*i - 3. Let r be f(z). Suppose 0 = r*w + 9 - 13. Let a(b) = -8*b + 2. Calculate a(w).
-14
Let b(p) = 15*p**2 + 15 - 30*p**2 + 6 - p**3 - 6*p + 6 - 7*p. Give b(-14).
13
Let p(j) be the first derivative of j**6/120 - j**5/6 + j**4/3 - j**3/2 - 6*j**2 + 3*j - 62. Let s(b) be the second derivative of p(b). What is s(9)?
-12
Suppose -g = -0*g - 3. Suppose -15 - 15 = -5*y - 5*s, 5*y + 4*s = 26. Let u(h) = -g*h - 4*h - 3 - h**y + 2*h. Give u(-2).
3
Let f(a) = -2*a - 2. Let x(y) = -2*y + 37. Let p be x(16). Suppose -3*n + p*u = -6*n + 38, -2*n = -5*u + 8. Let s(r) = -r + 2. Let w be s(n). What is f(w)?
6
Let i(b) = -b + 5. Let r(d) = d - 12. Let t be 1/2*(2 - -46 - 6). Let k be r(t). Determine i(k).
-4
Let v(w) be the second derivative of 55*w**3/6 + 141*w**2 + 39*w - 13. Determine v(-5).
7
Let a = 80 - 75. Let n = 76 + -70. Let d(y) = 2*y + a*y - n*y - 6*y**3 + y**2. Calculate d(-1).
6
Let z(x) be the second derivative of x**5/20 + 3*x**4/4 + 11*x**3/6 + 11*x**2/2 - 35*x + 11. What is z(-8)?
-13
Let b(d) be the second derivative of 4*d - 5*d + 2*d**3 + 4*d. Let c(z) = z**2 + 30*z - 932. Let l be c(-49). Give b(l).
-12
Let a(j) be the second derivative of -j**7/1260 - j**6/180 + 37*j**4/4 + j**3/3 + 85*j. Let u(h) be the third derivative of a(h). Determine u(-5).
-30
Let b(s) = -2*s + 7. Let v(x) be the second derivative of -x**5/20 + x**4/6 + x**3/3 + x**2/2 - x - 1. Let i be v(2). Calculate b(i).
-3
Let w be 20/3*42/(-5). Let t = w + 60. Suppose t*q + 32 = 60. Let s(k) = k**2 - 6*k + 8. What is s(q)?
15
Let b be (-3)/(8/(-15) + 6/18). Suppose 9*d - 12*d = b. Let l(a) be the first derivative of -a**3/3 - 5*a**2/2 - 7*a - 45. Give l(d).
-7
Let h = -8695 - -8690. Let l(f) = f**3 + 2*f**2. Calculate l(h).
-75
Let t = 313 - 308. Let w(b) = 4 - t - 9*b**2 + 5*b + 4 + 8*b**2. Determine w(4).
7
Let a(k) = k**2 + 10*k - 28. Let c(n) = -2*n**2 + 25*n + 210. Let z be c(-6). Give a(z).
-4
Let q(s) = 5 + 15*s - 8*s + 2*s**2 + 10*s**3 - 9*s - 4. Suppose n + 5 = 6. What is q(n)?
11
Let y(c) = c**3 + 2*c - 9. Suppose 0 = -3*o + 490 - 1171. Let z = o + 227. Give y(z).
-9
Let s(q) = -3*q**2 - 3*q + 2. Suppose 71 - 51 = 5*p. Let m be (-35)/14 - 2/p. Calculate s(m).
-16
Let m(n) be the second derivative of n**3/6 - 12*n**2 - 2111*n. Calculate m(-2).
-26
Suppose -588 = 307*g + 26. Let d(r) = -r**3 - 4*r**2 - 2*r. What is d(g)?
-4
Let d(h) be the second derivative of h**4/6 + 79*h**3/6 - 41*h**2/2 - h - 783. Give d(-40).
-1
Let m(d) = d + 1. Let y(v) = v**3 - v**2 - 16*v - 2. Let h be y(5). Let k be h/(-4)*12/(-27) - -2. Suppose k*b = 3*s - 27, -3*b + 4 - 3 = 2*s. What is m(s)?
6
Let u = -293 + 275. Let k = u + 25. Let b(j) = 2*j + 5. Calculate b(k).
19
Suppose 0 = -2851*j + 2846*j - 25. Let f(t) = -t**3 - 4*t**2 + 8*t 